hest common factor of z and 76?
38
Let a = 1946 + -1932. Calculate the greatest common divisor of a and 1778.
14
Let l = 3079 + -3049. What is the highest common factor of l and 230?
10
Suppose 362 = 5*k - 118. Suppose 83*q - 81*q = 3*v - 42, 2*v - 39 = 5*q. Calculate the highest common factor of k and v.
12
Let l(s) be the first derivative of 2*s**3 - s**2/2 - 2*s + 18. Let g be l(2). Calculate the highest common divisor of g and 80.
20
Let x = 10 - 2. Let h be ((-18)/x)/(7/(-224)). Calculate the highest common factor of 8 and h.
8
Let r = -32 + 33. Let i be r*15 + -4 + 2. Calculate the highest common factor of 104 and i.
13
Let g(s) = -3*s**2 - 4*s. Let d(b) = -8*b**2 - 11*b - 1. Let t(c) = 6*d(c) - 17*g(c). Let z be t(3). What is the greatest common factor of z and 54?
27
Suppose 0 = -32*i - 24 + 56. Calculate the highest common factor of 25 and i.
1
Suppose -5 = -3*y + y - r, 2*r + 6 = 0. Suppose -o = o - y. Let l be (4/8)/(o/252). What is the greatest common factor of l and 7?
7
Let c be ((-8)/(-2))/(9/(315/10)). What is the highest common factor of 896 and c?
14
Suppose 3*t = -0*t + s + 13, -s = -4*t + 19. Suppose 4*o - o = t. Let n be (-36)/(-1) + 2 + o. What is the greatest common divisor of n and 100?
20
Suppose 32*r - 104 = 24*r. Calculate the greatest common factor of 689 and r.
13
Suppose -2062 - 1458 = -10*x. What is the highest common factor of x and 110?
22
Let z = -148 - -166. What is the greatest common factor of z and 24?
6
Let d(p) = 7*p**3 + 41*p**2 - 13*p + 6. Let h be d(-6). Calculate the highest common divisor of h and 120.
24
Suppose -2*p - 74 = -3*f, -5*p + 10 + 130 = 5*f. What is the greatest common factor of 4 and f?
2
Suppose 0 = 6*u - 5*u - 5. Suppose u*x - 2 = 3. Let j(f) = 6*f. Let o be j(x). Calculate the greatest common factor of 18 and o.
6
Suppose 72 = -182*n + 185*n. Calculate the greatest common divisor of 204 and n.
12
Let t be (16 + -15)*5/((-5)/(-128)). What is the greatest common factor of 24 and t?
8
Let a = 26 + 32. Calculate the greatest common divisor of 29 and a.
29
Suppose 4*v - 44 = -8. Let l be (-3)/(-6) + (-106)/(-4). What is the highest common factor of l and v?
9
Let p be (87 - -43)/(2/4). What is the greatest common factor of p and 100?
20
Let z(s) = s + 25. Let k be z(-18). Calculate the greatest common divisor of 7 and k.
7
Suppose 5*m - m + 3*q = 22, 5*q + 2 = 3*m. Suppose -4*y = m*d - 68, -4*d + 5*y + 25 - 2 = 0. Calculate the greatest common divisor of d and 72.
12
Let w = 376 + -372. Let z be -1 - ((-2 - 0) + 2). Let n(p) = -16*p**3. Let i be n(z). What is the greatest common divisor of w and i?
4
Suppose 1 + 24 = 5*l. Suppose -l*s + 17 = -8. Calculate the greatest common divisor of 15 and s.
5
Let n(y) = -4*y**3 - 14*y**2 + 9*y + 121. Let z be n(-6). What is the greatest common divisor of 183 and z?
61
Let m(i) = i**2 - 8*i - 14. Let j be m(11). Calculate the highest common divisor of 1 and j.
1
Let n be 6/2 + (-1 - -2). Let t(q) = -q**3 - q**2 - 9. Let d be t(0). Let l = 19 - d. What is the greatest common factor of l and n?
4
Suppose -6*x + 19 = -29. Suppose -f + 3*f = 0. Let o be 1 - (f + 0) - -15. What is the greatest common factor of o and x?
8
Let o(m) = -2*m**3 + 39*m**2 - 7*m - 30. Let d be o(19). What is the highest common divisor of 44 and d?
22
Let b(j) be the second derivative of 0 - 1/20*j**5 - 1/6*j**3 + j**2 + 7*j + 0*j**4. Let s be b(-4). What is the highest common factor of 10 and s?
10
Suppose -3*k + 5*m = 2, -3*k = -0*k + 2*m - 26. Let l be -6*-11*3*(-5 + k). What is the highest common divisor of l and 22?
22
Let u(z) = -3*z - 38. Let b be u(-14). Suppose -b = -4*m + 12. Suppose 4*a = 4*w + 172, -2*a = 3*w - 37 - 54. What is the greatest common factor of a and m?
4
Let z(y) = y**3 + 8*y**2 - 95*y - 15. Let w be z(7). What is the highest common factor of 1045 and w?
55
Let u be 0 - (1 - 0)*-6. Let s be (-16)/(-10)*(-1830)/(-244). Calculate the highest common factor of s and u.
6
Suppose 0 = 76*v - 880 - 1172. Calculate the greatest common divisor of v and 639.
9
Suppose f - 26 = -v, -4*v = 26*f - 27*f + 16. What is the highest common factor of f and 99?
3
Let v be (27/2)/((-40)/(-1200)). What is the highest common factor of 90 and v?
45
Suppose 3*a = 5*a - 48. Let c be 15/30*(a - 0). Let j(u) = u**3 - 4. Let p be j(4). What is the greatest common divisor of c and p?
12
Suppose 0 = 5*f - 4*f + 10. Let l = f - -39. What is the greatest common divisor of 232 and l?
29
Let f = 56 + 25. Let y = -314 + 368. What is the greatest common divisor of y and f?
27
Let b be 4 - (5 + -3) - -1. Let v be b + (-1)/((-3)/36). Let k be ((-5)/(-15))/(1/v). What is the greatest common divisor of 35 and k?
5
Suppose -4*m + 9*m = -5*z + 190, 4*m = 3*z - 121. Let c = z + -27. Let v be -27*(16/12)/(-2). Calculate the greatest common factor of v and c.
6
Suppose 7 = -3*l + 4*l. Suppose l*w - 11 = 969. Let u be (-3)/(-21) + w/49. What is the highest common factor of 9 and u?
3
Let g be ((-17)/(-102))/((-1)/((-12)/2)). Let m be g/(-3) + -2 + 98/6. Calculate the greatest common factor of m and 42.
14
Let x be 4 - ((1 - 1) + -22). Suppose 5*f - 2*h - 32 = -h, 3*f - x = 4*h. Let t = 20 + -14. What is the highest common factor of f and t?
6
Let s = 121 - 117. Suppose -s*a + 24 = -z, -4*a - 5 = -3*a - 3*z. Let r be 22/4*2*7. Calculate the highest common divisor of a and r.
7
Suppose -4*c + 4*v = -2868, -5*c - 530 + 4107 = -v. What is the greatest common factor of 130 and c?
65
Suppose 30*p = 25*p + 5. Let h be (p - 2)*(-9)/(-18)*-90. What is the greatest common factor of 60 and h?
15
Let h = 418 + 68. What is the greatest common factor of 27 and h?
27
Suppose 3*z + s = 7*z - 900, s = -4*z + 900. Calculate the highest common divisor of 180 and z.
45
Suppose -56*b = -52*b - 968. Suppose -x = -4*x + 66. Calculate the greatest common factor of x and b.
22
Let u(q) = -q**2 + 7*q + 2. Let g be u(6). Let i = 5 - g. Let o be (15 - i)/3 + 3. Calculate the greatest common divisor of 45 and o.
9
Let i be 4254*(-6)/(-63) - (-11)/(-77). Calculate the greatest common factor of 15 and i.
15
Let o(x) = 8*x**2 - 5*x + 12. Let l be o(-4). What is the greatest common factor of 40 and l?
40
Suppose 132 - 1540 = -8*i. What is the highest common factor of i and 160?
16
Let o = 45 + -34. Let g be o/2*(7 + -5). What is the greatest common divisor of 77 and g?
11
Let a = -48 + 46. Let l(d) = 9*d**2 + 6*d + 2. Let q be l(a). What is the greatest common divisor of 208 and q?
26
Let c(r) = r**2 - 9*r + 11. Let p = -9 + 17. Let v be c(p). Suppose -d = -2*d + v. Calculate the greatest common factor of d and 9.
3
Suppose -32*n + 33*n - 90 = 0. Suppose -15 = 2*b - 7*b. Let q be 1/b*90/2. Calculate the highest common factor of q and n.
15
Suppose 5*y + 2*n = -234 - 58, -252 = 4*y - 3*n. Let r = y - -88. Calculate the greatest common factor of r and 28.
28
Let m = 15 - -1. Let d(f) = 2*f - 24. Let x be d(m). Let v(z) = z**2 - 4*z + 4. Let k be v(3). What is the greatest common divisor of x and k?
1
Let v be (-3)/18 - 79/(-6). Let a(w) = -7*w + 6. Let g be a(5). Let p = g - -42. Calculate the greatest common factor of v and p.
13
Let y be 18/(0 + 6/8). Let h = -51 - -27. Let o be (2 + 0)/((-4)/h). Calculate the highest common divisor of o and y.
12
Suppose -3*i - 5*n + 4 = 0, 5*i - 7*n - 60 = -2*n. Let t = -51 + 55. Calculate the greatest common factor of t and i.
4
Let d(j) = j**2 - 6*j + 2. Let u be d(5). Let f be ((-14)/(-8))/(u/(-12)). Let k = -24 + 87. What is the greatest common factor of k and f?
7
Suppose 4*m + 4*j = -28, -17 - 6 = 4*m + 5*j. Let b(s) = -s**2 - 13*s - 3. Let x be b(m). Let c = -6 + x. Calculate the highest common divisor of 3 and c.
3
Let p be (5 - 56/12)*6. Suppose -5*i + 33 = o, 5*o - 2*i - 49 = p*i. Suppose -3*q - 1 = -274. What is the highest common factor of o and q?
13
Let c be (104/6)/(6/81). Suppose 2*r - c + 36 = 0. Suppose -378 = -0*j - 42*j. What is the greatest common factor of j and r?
9
Let d(v) = -v**3 + 6*v**2 + 8*v + 7. Let a be d(7). Let s be ((-8)/14)/((-2)/a). What is the highest common divisor of s and 6?
2
Let x = 9 - -23. Let z(d) = 2*d - 32. Let b be z(20). Calculate the greatest common divisor of b and x.
8
Suppose 32*m - 34*m + 30 = 0. Let o = 65 - -40. Calculate the highest comm